{"id":5456,"date":"2021-05-10T18:40:50","date_gmt":"2021-05-10T18:40:50","guid":{"rendered":"https:\/\/souslalune.fr\/?page_id=5456"},"modified":"2022-11-27T14:51:29","modified_gmt":"2022-11-27T14:51:29","slug":"collaborations","status":"publish","type":"page","link":"https:\/\/souslalune.fr\/?page_id=5456","title":{"rendered":"Collaborations"},"content":{"rendered":"\n<div class=\"wp-block-cover alignfull\" style=\"min-height:452px;aspect-ratio:unset;\"><span aria-hidden=\"true\" class=\"wp-block-cover__background has-background-dim\"><\/span><img loading=\"lazy\" decoding=\"async\" width=\"919\" height=\"628\" class=\"wp-block-cover__image-background wp-image-7368\" alt=\"\" src=\"https:\/\/souslalune.fr\/wp-content\/uploads\/2022\/11\/carton.jpg\" style=\"object-position:52% 61%\" data-object-fit=\"cover\" data-object-position=\"52% 61%\" srcset=\"https:\/\/souslalune.fr\/wp-content\/uploads\/2022\/11\/carton.jpg 919w, https:\/\/souslalune.fr\/wp-content\/uploads\/2022\/11\/carton-300x205.jpg 300w, https:\/\/souslalune.fr\/wp-content\/uploads\/2022\/11\/carton-768x525.jpg 768w\" sizes=\"auto, (max-width: 919px) 100vw, 919px\" \/><div class=\"wp-block-cover__inner-container is-layout-flow wp-block-cover-is-layout-flow\">\n<p class=\"has-text-align-center has-larger-font-size\">Cartons (Live)<\/p>\n\n\n\n<p class=\"has-text-align-center has-large-font-size\"><em>Natty Groove<\/em><\/p>\n<\/div><\/div>\n\n\n\n<p>\u00ab\u00a0Cartons\u00a0\u00bb est un texte \u00e9crit en premier lieu pour \u00ab\u00a0Sous la Lune\u00a0\u00bb. Il est sorti des oubliettes pour le groupe \u00ab\u00a0Natty Groove\u00a0\u00bb avec lequel j&rsquo;ai eu la joie de chanter. <\/p>\n\n\n\n<figure class=\"wp-block-audio aligncenter\"><audio controls src=\"https:\/\/souslalune.fr\/wp-content\/uploads\/2022\/11\/Cartons-au-Cafe-culturel-Cest-deja-ca-de-Mouroux.mp3\"><\/audio><\/figure>\n\n\n\n<p><em>Musique : St\u00e9phane No\u00ebl et Christine Lemoine<br>Texte : Christine Lemoine<br>Arrangements : Natty Groove<\/em><br><em>Photo : Philippe Tassel<\/em><\/p>\n\n\n\n<figure class=\"wp-block-image alignfull size-large\"><a href=\"https:\/\/souslalune.fr\/wp-content\/uploads\/2021\/05\/demain.jpg\"><img loading=\"lazy\" decoding=\"async\" width=\"1024\" height=\"576\" src=\"https:\/\/souslalune.fr\/wp-content\/uploads\/2021\/05\/demain-1024x576.jpg\" alt=\"\" class=\"wp-image-5465\" srcset=\"https:\/\/souslalune.fr\/wp-content\/uploads\/2021\/05\/demain-1024x576.jpg 1024w, https:\/\/souslalune.fr\/wp-content\/uploads\/2021\/05\/demain-300x169.jpg 300w, https:\/\/souslalune.fr\/wp-content\/uploads\/2021\/05\/demain-768x432.jpg 768w, https:\/\/souslalune.fr\/wp-content\/uploads\/2021\/05\/demain-1536x864.jpg 1536w, https:\/\/souslalune.fr\/wp-content\/uploads\/2021\/05\/demain-2048x1152.jpg 2048w\" sizes=\"auto, (max-width: 1024px) 100vw, 1024px\" \/><\/a><\/figure>\n\n\n\n<p>Et si on faisait un morceau ensemble ?<br>A force d&rsquo;\u00e9couter nos cr\u00e9ations, l&rsquo;id\u00e9e est sortie. Nous avons crois\u00e9 nos univers : <a href=\"https:\/\/soundcloud.com\/user-661994987\/demain\">Jean-Marc Pentecouteau <\/a>a mis sa musique \u00ab\u00a0Sous la Lune\u00a0\u00bb et inversement. Un grand plaisir !<\/p>\n\n\n\n<figure class=\"wp-block-audio alignfull\"><audio controls src=\"https:\/\/souslalune.fr\/wp-content\/uploads\/2021\/05\/demain_jet2.mp3\"><\/audio><\/figure>\n\n\n\n<p><em>Jean-Marc Pentecouteau : Musique et arrangements<br>Christine Lemoine : M\u00e9lodie et chant<\/em><br><em>Victor Hugo : Texte<br>Chlo\u00e9 Colomer : Photo<\/em><\/p>\n\n\n\n<figure class=\"wp-block-image alignfull size-large\"><a href=\"https:\/\/souslalune.fr\/wp-content\/uploads\/2021\/05\/reprise-back.jpg\"><img loading=\"lazy\" decoding=\"async\" width=\"1024\" height=\"576\" src=\"https:\/\/souslalune.fr\/wp-content\/uploads\/2021\/05\/reprise-back-1024x576.jpg\" alt=\"\" class=\"wp-image-5482\" srcset=\"https:\/\/souslalune.fr\/wp-content\/uploads\/2021\/05\/reprise-back-1024x576.jpg 1024w, https:\/\/souslalune.fr\/wp-content\/uploads\/2021\/05\/reprise-back-300x169.jpg 300w, https:\/\/souslalune.fr\/wp-content\/uploads\/2021\/05\/reprise-back-768x432.jpg 768w, https:\/\/souslalune.fr\/wp-content\/uploads\/2021\/05\/reprise-back-1536x864.jpg 1536w, https:\/\/souslalune.fr\/wp-content\/uploads\/2021\/05\/reprise-back-2048x1152.jpg 2048w\" sizes=\"auto, (max-width: 1024px) 100vw, 1024px\" \/><\/a><\/figure>\n\n\n\n<p>C&rsquo;est un peu la faute au confinement. On s&rsquo;ennuyait, chacun chez soi. On s&rsquo;est fait une petite reprise tous les trois, avec Nad et Patou. Pour le fun :<strong> Back to black<\/strong><\/p>\n\n\n\n<figure class=\"wp-block-audio alignfull\"><audio controls src=\"https:\/\/souslalune.fr\/wp-content\/uploads\/2020\/05\/Back-to-black-Sous-la-Lune.mp3\"><\/audio><\/figure>\n\n\n\n<p><em>Amy Winehouse : Auteur<br>Mark Ronson : Compositeur<\/em><\/p>\n\n\n\n<p><em>Christine Lemoine : Chant Batterie Mixage<br>Nad : Guitare<br>Patou : Contrebasse<\/em><\/p>\n\n\n\n<figure class=\"wp-block-image alignfull size-large\"><a href=\"https:\/\/souslalune.fr\/wp-content\/uploads\/2021\/07\/Capture-de\u0301cran-2021-07-07-a\u0300-20.48.22.png\"><img loading=\"lazy\" decoding=\"async\" width=\"1024\" height=\"365\" src=\"https:\/\/souslalune.fr\/wp-content\/uploads\/2021\/07\/Capture-de\u0301cran-2021-07-07-a\u0300-20.48.22-1024x365.png\" alt=\"\" class=\"wp-image-5525\" srcset=\"https:\/\/souslalune.fr\/wp-content\/uploads\/2021\/07\/Capture-de\u0301cran-2021-07-07-a\u0300-20.48.22-1024x365.png 1024w, https:\/\/souslalune.fr\/wp-content\/uploads\/2021\/07\/Capture-de\u0301cran-2021-07-07-a\u0300-20.48.22-300x107.png 300w, https:\/\/souslalune.fr\/wp-content\/uploads\/2021\/07\/Capture-de\u0301cran-2021-07-07-a\u0300-20.48.22-768x274.png 768w, https:\/\/souslalune.fr\/wp-content\/uploads\/2021\/07\/Capture-de\u0301cran-2021-07-07-a\u0300-20.48.22-1536x548.png 1536w, https:\/\/souslalune.fr\/wp-content\/uploads\/2021\/07\/Capture-de\u0301cran-2021-07-07-a\u0300-20.48.22-2048x731.png 2048w\" sizes=\"auto, (max-width: 1024px) 100vw, 1024px\" \/><\/a><\/figure>\n\n\n\n<h2 class=\"wp-block-heading\">Cadavre exquis musical<\/h2>\n\n\n\n<p>Quand 7 musiciens habitu\u00e9s des CuiZines cr\u00e9ent une piste chacun leur tour :<\/p>\n\n\n\n<figure class=\"wp-block-audio alignfull\"><audio controls src=\"https:\/\/souslalune.fr\/wp-content\/uploads\/2021\/07\/oxygene-i-la-home-collab-at-les-cuizines.mp3\"><\/audio><\/figure>\n","protected":false},"excerpt":{"rendered":"<p>\u00ab\u00a0Cartons\u00a0\u00bb est un texte \u00e9crit en premier lieu pour \u00ab\u00a0Sous la Lune\u00a0\u00bb. Il est sorti&#8230;<\/p>\n<div class=\"more-link-wrapper\"><a class=\"more-link\" href=\"https:\/\/souslalune.fr\/?page_id=5456\">En savoir plus <span class=\"screen-reader-text\">Collaborations<\/span><\/a><\/div>\n","protected":false},"author":1,"featured_media":0,"parent":0,"menu_order":0,"comment_status":"closed","ping_status":"closed","template":"","meta":{"footnotes":""},"class_list":["post-5456","page","type-page","status-publish","hentry","excerpt","zoom","full-without-featured","even","excerpt-0"],"_links":{"self":[{"href":"https:\/\/souslalune.fr\/index.php?rest_route=\/wp\/v2\/pages\/5456","targetHints":{"allow":["GET"]}}],"collection":[{"href":"https:\/\/souslalune.fr\/index.php?rest_route=\/wp\/v2\/pages"}],"about":[{"href":"https:\/\/souslalune.fr\/index.php?rest_route=\/wp\/v2\/types\/page"}],"author":[{"embeddable":true,"href":"https:\/\/souslalune.fr\/index.php?rest_route=\/wp\/v2\/users\/1"}],"replies":[{"embeddable":true,"href":"https:\/\/souslalune.fr\/index.php?rest_route=%2Fwp%2Fv2%2Fcomments&post=5456"}],"version-history":[{"count":38,"href":"https:\/\/souslalune.fr\/index.php?rest_route=\/wp\/v2\/pages\/5456\/revisions"}],"predecessor-version":[{"id":7387,"href":"https:\/\/souslalune.fr\/index.php?rest_route=\/wp\/v2\/pages\/5456\/revisions\/7387"}],"wp:attachment":[{"href":"https:\/\/souslalune.fr\/index.php?rest_route=%2Fwp%2Fv2%2Fmedia&parent=5456"}],"curies":[{"name":"wp","href":"https:\/\/api.w.org\/{rel}","templated":true}]}}

<div class="wp-block-cover alignfull" style="min-height:452px;aspect-ratio:unset;"><span aria-hidden="true" class="wp-block-cover__background has-background-dim"></span><img loading="lazy" decoding="async" width="919" height="628" class="wp-block-cover__image-background wp-image-7368" alt="" src="https://souslalune.fr/wp-content/uploads/2022/11/carton.jpg" style="object-position:52% 61%" data-object-fit="cover" data-object-position="52% 61%" srcset="https://souslalune.fr/wp-content/uploads/2022/11/carton.jpg 919w, https://souslalune.fr/wp-content/uploads/2022/11/carton-300x205.jpg 300w, https://souslalune.fr/wp-content/uploads/2022/11/carton-768x525.jpg 768w" sizes="auto, (max-width: 919px) 100vw, 919px" /><div class="wp-block-cover__inner-container is-layout-flow wp-block-cover-is-layout-flow">
<p class="has-text-align-center has-larger-font-size">Cartons (Live)</p>



<p class="has-text-align-center has-large-font-size"><em>Natty Groove</em></p>
</div></div>



<p>« Cartons » est un texte écrit en premier lieu pour « Sous la Lune ». Il est sorti des oubliettes pour le groupe « Natty Groove » avec lequel j&rsquo;ai eu la joie de chanter. </p>



<figure class="wp-block-audio aligncenter"><audio controls src="https://souslalune.fr/wp-content/uploads/2022/11/Cartons-au-Cafe-culturel-Cest-deja-ca-de-Mouroux.mp3"></audio></figure>



<p><em>Musique : Stéphane Noël et Christine Lemoine<br>Texte : Christine Lemoine<br>Arrangements : Natty Groove</em><br><em>Photo : Philippe Tassel</em></p>



<figure class="wp-block-image alignfull size-large"><a href="https://souslalune.fr/wp-content/uploads/2021/05/demain.jpg"><img loading="lazy" decoding="async" width="1024" height="576" src="https://souslalune.fr/wp-content/uploads/2021/05/demain-1024x576.jpg" alt="" class="wp-image-5465" srcset="https://souslalune.fr/wp-content/uploads/2021/05/demain-1024x576.jpg 1024w, https://souslalune.fr/wp-content/uploads/2021/05/demain-300x169.jpg 300w, https://souslalune.fr/wp-content/uploads/2021/05/demain-768x432.jpg 768w, https://souslalune.fr/wp-content/uploads/2021/05/demain-1536x864.jpg 1536w, https://souslalune.fr/wp-content/uploads/2021/05/demain-2048x1152.jpg 2048w" sizes="auto, (max-width: 1024px) 100vw, 1024px" /></a></figure>



<p>Et si on faisait un morceau ensemble ?<br>A force d&rsquo;écouter nos créations, l&rsquo;idée est sortie. Nous avons croisé nos univers : <a href="https://soundcloud.com/user-661994987/demain">Jean-Marc Pentecouteau </a>a mis sa musique « Sous la Lune » et inversement. Un grand plaisir !</p>



<figure class="wp-block-audio alignfull"><audio controls src="https://souslalune.fr/wp-content/uploads/2021/05/demain_jet2.mp3"></audio></figure>



<p><em>Jean-Marc Pentecouteau : Musique et arrangements<br>Christine Lemoine : Mélodie et chant</em><br><em>Victor Hugo : Texte<br>Chloé Colomer : Photo</em></p>



<figure class="wp-block-image alignfull size-large"><a href="https://souslalune.fr/wp-content/uploads/2021/05/reprise-back.jpg"><img loading="lazy" decoding="async" width="1024" height="576" src="https://souslalune.fr/wp-content/uploads/2021/05/reprise-back-1024x576.jpg" alt="" class="wp-image-5482" srcset="https://souslalune.fr/wp-content/uploads/2021/05/reprise-back-1024x576.jpg 1024w, https://souslalune.fr/wp-content/uploads/2021/05/reprise-back-300x169.jpg 300w, https://souslalune.fr/wp-content/uploads/2021/05/reprise-back-768x432.jpg 768w, https://souslalune.fr/wp-content/uploads/2021/05/reprise-back-1536x864.jpg 1536w, https://souslalune.fr/wp-content/uploads/2021/05/reprise-back-2048x1152.jpg 2048w" sizes="auto, (max-width: 1024px) 100vw, 1024px" /></a></figure>



<p>C&rsquo;est un peu la faute au confinement. On s&rsquo;ennuyait, chacun chez soi. On s&rsquo;est fait une petite reprise tous les trois, avec Nad et Patou. Pour le fun :<strong> Back to black</strong></p>



<figure class="wp-block-audio alignfull"><audio controls src="https://souslalune.fr/wp-content/uploads/2020/05/Back-to-black-Sous-la-Lune.mp3"></audio></figure>



<p><em>Amy Winehouse : Auteur<br>Mark Ronson : Compositeur</em></p>



<p><em>Christine Lemoine : Chant Batterie Mixage<br>Nad : Guitare<br>Patou : Contrebasse</em></p>



<figure class="wp-block-image alignfull size-large"><a href="https://souslalune.fr/wp-content/uploads/2021/07/Capture-décran-2021-07-07-à-20.48.22.png"><img loading="lazy" decoding="async" width="1024" height="365" src="https://souslalune.fr/wp-content/uploads/2021/07/Capture-décran-2021-07-07-à-20.48.22-1024x365.png" alt="" class="wp-image-5525" srcset="https://souslalune.fr/wp-content/uploads/2021/07/Capture-décran-2021-07-07-à-20.48.22-1024x365.png 1024w, https://souslalune.fr/wp-content/uploads/2021/07/Capture-décran-2021-07-07-à-20.48.22-300x107.png 300w, https://souslalune.fr/wp-content/uploads/2021/07/Capture-décran-2021-07-07-à-20.48.22-768x274.png 768w, https://souslalune.fr/wp-content/uploads/2021/07/Capture-décran-2021-07-07-à-20.48.22-1536x548.png 1536w, https://souslalune.fr/wp-content/uploads/2021/07/Capture-décran-2021-07-07-à-20.48.22-2048x731.png 2048w" sizes="auto, (max-width: 1024px) 100vw, 1024px" /></a></figure>



<h2 class="wp-block-heading">Cadavre exquis musical</h2>



<p>Quand 7 musiciens habitués des CuiZines créent une piste chacun leur tour :</p>



<figure class="wp-block-audio alignfull"><audio controls src="https://souslalune.fr/wp-content/uploads/2021/07/oxygene-i-la-home-collab-at-les-cuizines.mp3"></audio></figure>

<p>« Cartons » est un texte écrit en premier lieu pour « Sous la Lune ». Il est sorti&#8230;</p>
<div class="more-link-wrapper"><a class="more-link" href="https://souslalune.fr/?page_id=5456">En savoir plus <span class="screen-reader-text">Collaborations</span></a></div>
